 u + 6. Suppose k = 3*f + 5*h - 1, 0*f + 9 = 3*f + 3*h. Calculate the remainder when 39 is divided by f.
4
Let b be 14/2 - 6/2. Suppose b*v + 0*v = 2*a - 66, 5*v + 39 = a. Calculate the remainder when a is divided by -3*4/6*-4.
5
Let d(q) = 4*q - 42. Suppose 0 = -3*u - x - 3*x + 59, 3*u - 4*x = 19. Calculate the remainder when 28 is divided by d(u).
8
Let h = -738 - -839. Suppose -18 = -v - 1. Calculate the remainder when h is divided by v.
16
Let k be (65/(-10))/((-3)/(-90)). Let q = -109 - k. Suppose 8 = -d + q. Calculate the remainder when d is divided by 16.
14
Let j = 4 + 17. Suppose 5*c = -20, 0 = 5*x - c + 2*c - 36. Suppose x - 19 = -d. Calculate the remainder when j is divided by d.
10
Let h = 3 + 2. Suppose 3*r - 56 = -r + 3*i, -h*i + 14 = r. Let o(q) = 11*q**2 - 11*q + 3. Calculate the remainder when o(2) is divided by r.
11
Suppose 2*h = -0*h + 172. Suppose 91 = 3*j - 184*r + 183*r, 4*r = 2*j - 64. What is the remainder when h is divided by j?
26
Let f(d) = -d**3 + 6*d**2 + 10*d + 3. Let s be f(7). Let t = s - 9. What is the remainder when 43 is divided by t?
13
Let o(w) = 4*w**2 + 34*w - 5. Suppose 0*j + 3*j = 207. Suppose 2*d = -d + j. Calculate the remainder when d is divided by o(-9).
10
Let s(a) = 3*a**2 - 25*a + 3. Let o be s(10). Suppose o*n - 52*n = 13. Calculate the remainder when n is divided by 5.
3
Suppose -8*v + 5*v + 27 = 0. Suppose -4*q = -v*q + 15. What is the remainder when 7 is divided by q?
1
Let d = 2 - 16. Let b be (-6)/(-21)*(0 - d). Suppose -i + 27 = -b*h - h, -3*h = -i + 17. What is the remainder when i is divided by 2?
0
Suppose 5*o - 37 = -2. Let z(k) = -k**2 + 15*k - 1. Suppose 3*c + 2*d = c + 34, 37 = 2*c + 3*d. What is the remainder when z(o) is divided by c?
13
Suppose 23 = 3*a + 5*z, 0*z = -3*a + 4*z + 68. What is the remainder when 109 is divided by a?
13
Suppose -3*d + 3 + 9 = 0. Suppose 0 = -l + d*l - 27. Calculate the remainder when 32 is divided by l.
5
Calculate the remainder when 41 is divided by ((-18)/(-5))/(32/80).
5
Suppose 13 + 25 = -4*b - 2*d, -2*b + 2*d - 22 = 0. Let f be (-3)/(6/b)*1. Suppose f*m + 24 = 7*m. What is the remainder when 32 is divided by m?
8
Let z be (2 - 0) + (3 - 3)/(-6). Suppose 0*b - 10 = -2*b - z*h, 4*h = 3*b + 13. What is the remainder when 3 is divided by b?
0
Let m = -44 + 54. Let j = m - -1. What is the remainder when 17 is divided by j?
6
Suppose 0 = 2*s - 8*s + 66. Suppose -s*u = -12*u + 8. What is the remainder when 14 is divided by u?
6
Let o = 145 - 136. Let k(d) = -4*d**2 + d + 1. Let c be k(-1). What is the remainder when 5 is divided by o/6 + (-2)/c?
1
Suppose -4*x + 1 + 51 = 0. Let m be (-18)/18 + (1 - 0). Suppose m = 2*y - 3*h - 31, 0 = 5*y - 5*h - 45 - 20. What is the remainder when x is divided by y?
5
Suppose -4*c = -12, -388 = 5*q - 10*q + 4*c. Calculate the remainder when 156 is divided by q.
76
Suppose -5*o + 2 = 5*f - 53, 4*o + 91 = 5*f. Suppose 15*i - 825 = 285. Calculate the remainder when i is divided by f.
14
Let k(x) = x**2 + 17*x + 12. Let f be k(-18). Suppose -b + 5*j - 40 = -5*b, -4*j = 3*b - f. What is the remainder when 26 is divided by b?
6
Suppose 0 = -4*f - 3*p + 102 - 327, -5*p = 5*f + 275. Let s be (-36)/f + 7/5. Let y = s - -32. Calculate the remainder when y is divided by 9.
7
Let m = -21 - -10. Let p(o) = -18*o + 2. Let a(u) = -55*u + 5. Let q(f) = m*p(f) + 4*a(f). Calculate the remainder when q(-3) is divided by 22.
20
Let x(r) = -80*r + 7. What is the remainder when x(-1) is divided by 15?
12
Let j(u) = -4*u**3 + u**2 + 1. Let d be (-1)/(-2 + 15/6). Suppose 5*b - g = -6*g + 80, 3*b = -4*g + 51. Calculate the remainder when j(d) is divided by b.
11
Let t = -900 - -1114. What is the remainder when t is divided by 76?
62
Let w = -159 - -170. Let c = -53 + 92. Calculate the remainder when c is divided by w.
6
Let x(d) = 24*d - 13. Suppose 21*l + l - 462 = 0. What is the remainder when x(3) is divided by l?
17
Suppose 266 - 434 = -7*i. What is the remainder when 70 is divided by i?
22
Let g(x) = 3*x + 3. Let f be g(-3). Let s = f + 3. Let q(a) = a**2 + a - 3. What is the remainder when 3 is divided by q(s)?
0
Let x(h) = -18*h + 31. Suppose t = -4*t + 605. Calculate the remainder when t is divided by x(0).
28
Suppose 3*v + 24 - 150 = 0. Let i be ((-3)/(-3) + 1)*1. Suppose 80 = 4*l - 3*x + 8*x, 67 = 5*l - i*x. Calculate the remainder when v is divided by l.
12
Suppose -6*u + 3*u + 771 = 0. Let m = u - 149. Calculate the remainder when m is divided by 22.
20
Suppose -130 = 8*j - 10*j. Let a = -61 + j. Let k(d) = d**2 - 6*d + 9. What is the remainder when k(6) is divided by a?
1
Let n(i) = -i**2 - 25*i - 23. Let p be n(-16). Let x = 157 - p. Suppose 3*y - 10 = y, 5*y + 182 = 3*u. What is the remainder when u is divided by x?
33
Suppose -4*a = -3*n - 3*a + 81, -2*a + 135 = 5*n. Suppose 0*t = -3*t + n. Suppose 1 - 5 = -l, 2*w = 2*l. Calculate the remainder when t is divided by w.
1
Suppose 21 - 9 = -l + 2*j, -5*j + 17 = 4*l. Let y = 10 - 0. What is the remainder when (-111)/l*10/15 is divided by y?
7
Suppose 0 = 5*q + 2*x - 257, 5*q - 10*x = -14*x + 259. Calculate the remainder when 203 is divided by q.
50
Let s = 14 - -3. Suppose 2*l - 4*k - 82 = 0, -2*l + 5*k - 19 + 105 = 0. What is the remainder when l is divided by s?
16
Let k(j) = 21*j - 330. What is the remainder when 136 is divided by k(19)?
67
Let f(s) = -s**3 + 4*s**2 + 17*s - 7. What is the remainder when f(6) is divided by 22?
1
Suppose 8*v - 581 = v. Suppose -9*s + 34 = -v. What is the remainder when s is divided by 5?
3
What is the remainder when 1920/(-16)*(-1 + 0 + -3) is divided by 18?
12
Let t be 326/4*(-8 + 6). Calculate the remainder when (t/3)/((-1)/3) is divided by 33.
31
Let i(m) = -2*m + 11. Let q be i(0). Let s = q + 35. What is the remainder when s is divided by 16?
14
Suppose 5*w - 510 = 50. Let p = -53 + w. What is the remainder when p is divided by 31?
28
Let m be -1*2/4 + (-3)/(-6). Let k(b) = b**3 + b**2 + 25. Suppose -1 = -2*c + 3*c, 3*g = -3*c + 213. Calculate the remainder when g is divided by k(m).
22
Suppose 17 + 5 = -p. Suppose -l + 9 = -18. Let b = p + l. Calculate the remainder when 13 is divided by b.
3
Suppose 0 = -0*c - c + 1, -5*l + 145 = 5*c. Calculate the remainder when 40 is divided by l.
12
Suppose -5*x = -4*h + 153, 9*h - 33 = 8*h + 3*x. Calculate the remainder when 160 is divided by h.
34
Let z(p) = p**3 - 14*p**2 - 31*p - 10. What is the remainder when 15 is divided by z(16)?
3
Calculate the remainder when 9 is divided by (0/17)/(1 + -2) + 4.
1
Suppose 2*k + 36 = -4. Let j(v) = -v - 17. Suppose 51 + 9 = 4*c. What is the remainder when c is divided by j(k)?
0
Calculate the remainder when 142 is divided by ((-78)/48)/13 + 466/16.
26
Suppose -3*t + 204 = -2*r, r - 355 + 83 = -4*t. What is the remainder when 313 is divided by t?
41
Let j(v) = -v**2 - 12*v + 14. Let y be j(-15). Suppose -d - 7 - 5 = 0. Let c = d - y. What is the remainder when 73 is divided by c?
16
Suppose 713 = -2*u + 7*u + 2*h, -h + 709 = 5*u. What is the remainder when u is divided by 13?
11
Let t(o) = -o**2 - 13*o - 28. Let y = 3 + -12. Calculate the remainder when t(y) is divided by 7.
1
Let n(v) = 59*v**2 - 2*v. What is the remainder when 112 is divided by n(1)?
55
Suppose -2*q = 5*r - 219, 0*r - 3*q - 54 = -r. Calculate the remainder when 267 is divided by r.
42
Suppose 0 = -5*y - 5*r + 350, y - r - 109 = -39. What is the remainder when 696 is divided by y?
66
Let y(g) = -189*g + 64. What is the remainder when y(-2) is divided by 12?
10
Suppose 0 = 6*z - 16*z + 70. Suppose -9*w + 178 = z. What is the remainder when 93 is divided by w?
17
Suppose 0 = 2*n + 35*n - 16169. Calculate the remainder when n is divided by 55.
52
Suppose 11 = -5*z - 5*b - 34, 4*z + 60 = 2*b. Let y = 9 + z. Let j(q) = -2*q + 4. What is the remainder when 34 is divided by j(y)?
10
Let t(f) = 2*f**2 - 16*f + 46. What is the remainder when 83 is divided by t(4)?
13
Calculate the remainder when 504 is divided by (-498)/(-12) + (-10)/4.
36
Let t(k) = k**3 - 3*k**2 - 7*k + 2. Let y(h) = h**3 - 7*h**2 + h - 1. Let c be y(7). Let n = 11 - c. What is the remainder when t(n) is divided by 7?
3
Suppose 2*l - 7874 = -60*l. What is the remainder when l is divided by 30?
7
Suppose -3*g + 5*g - 497 = -3*b, -